{"version":"1.0","provider_name":"tiSsi\u00ae","provider_url":"https:\/\/tissi.de\/sv\/","title":"Att baka kakor tillsammans under julen - tiSsi\u00ae","type":"rich","width":600,"height":338,"html":"<blockquote class=\"wp-embedded-content\" data-secret=\"bjXbjU0M3l\"><a href=\"https:\/\/tissi.de\/sv\/att-baka-kakor-tillsammans-under-julen\/\">Att baka kakor tillsammans under julen<\/a><\/blockquote><iframe sandbox=\"allow-scripts\" security=\"restricted\" src=\"https:\/\/tissi.de\/sv\/att-baka-kakor-tillsammans-under-julen\/embed\/#?secret=bjXbjU0M3l\" width=\"600\" height=\"338\" title=\"\u201dAtt baka kakor tillsammans under julen\u201d &ndash; tiSsi\u00ae\" data-secret=\"bjXbjU0M3l\" frameborder=\"0\" marginwidth=\"0\" marginheight=\"0\" scrolling=\"no\" class=\"wp-embedded-content\"><\/iframe><script>\n\/*! This file is auto-generated *\/\n!function(d,l){\"use strict\";l.querySelector&&d.addEventListener&&\"undefined\"!=typeof URL&&(d.wp=d.wp||{},d.wp.receiveEmbedMessage||(d.wp.receiveEmbedMessage=function(e){var t=e.data;if((t||t.secret||t.message||t.value)&&!\/[^a-zA-Z0-9]\/.test(t.secret)){for(var s,r,n,a=l.querySelectorAll('iframe[data-secret=\"'+t.secret+'\"]'),o=l.querySelectorAll('blockquote[data-secret=\"'+t.secret+'\"]'),c=new RegExp(\"^https?:$\",\"i\"),i=0;i<o.length;i++)o[i].style.display=\"none\";for(i=0;i<a.length;i++)s=a[i],e.source===s.contentWindow&&(s.removeAttribute(\"style\"),\"height\"===t.message?(1e3<(r=parseInt(t.value,10))?r=1e3:~~r<200&&(r=200),s.height=r):\"link\"===t.message&&(r=new URL(s.getAttribute(\"src\")),n=new URL(t.value),c.test(n.protocol))&&n.host===r.host&&l.activeElement===s&&(d.top.location.href=t.value))}},d.addEventListener(\"message\",d.wp.receiveEmbedMessage,!1),l.addEventListener(\"DOMContentLoaded\",function(){for(var e,t,s=l.querySelectorAll(\"iframe.wp-embedded-content\"),r=0;r<s.length;r++)(t=(e=s[r]).getAttribute(\"data-secret\"))||(t=Math.random().toString(36).substring(2,12),e.src+=\"#?secret=\"+t,e.setAttribute(\"data-secret\",t)),e.contentWindow.postMessage({message:\"ready\",secret:t},\"*\")},!1)))}(window,document);\n\/\/# sourceURL=https:\/\/tissi.de\/wp-includes\/js\/wp-embed.min.js\n<\/script>\n","thumbnail_url":"https:\/\/tissi.de\/wp-content\/uploads\/2024\/12\/lernturm-kueche-backen.jpg","thumbnail_width":1080,"thumbnail_height":1350,"description":"[vc_row][vc_column] Att baka kakor tillsammans under julen [vc_column_text css=&#8221;&#8221;] Jultiden \u00e4r magisk \u2013 s\u00e4rskilt f\u00f6r barn. Ljusslingorna glittrar, det doftar av kanel och vanilj, och k\u00f6ket blir centrum f\u00f6r familjelivet. N\u00e4r man bakar kakor vill de sm\u00e5 naturligtvis vara med och hj\u00e4lpa till. H\u00e4r kommer inl\u00e4rningstornet in i bilden! Med det kan barnen p\u00e5 ett [&hellip;]"}

[vc_row][vc_column] Att baka kakor tillsammans under julen [vc_column_text css=&#8221;&#8221;] Jultiden är magisk – särskilt för barn. Ljusslingorna glittrar, det doftar av kanel och vanilj, och köket blir centrum för familjelivet. När man bakar kakor vill de små naturligtvis vara med och hjälpa till. Här kommer inlärningstornet in i bilden! Med det kan barnen på ett [&hellip;]
